4 - 6*d - d**2 - 15*d + 26*d. What is r(l)?
2
Let l(x) = -x**2 - 3*x + 4. Let t(w) = 13*w + 12. Let z(h) = -6*h - 6. Let a(g) = -4*t(g) - 9*z(g). Let y = 3 + -8. Let i be a(y). Calculate l(i).
0
Let p(g) = g**2 + 13*g - 39. Let t be p(-16). Let a(n) = n**2 - 9*n - 5. Calculate a(t).
-5
Let j(n) = 2*n**3 + 6*n**2 - n + 3. Let v(s) = -3*s**3 - 7*s**2 + s - 4. Let y(h) = -4*j(h) - 3*v(h). Let l = 8 + -6. Calculate y(l).
-2
Let j be -2 - -1 - 1*3. Let t be j/(-10) + (-3)/(-5). Let v(s) be the first derivative of -3*s**2 + s - 16. Determine v(t).
-5
Let q(k) = 2*k + 3. Let r be (-2)/4 - (-7)/(-2). Determine q(r).
-5
Suppose 0 = 4*u - 6*u + 18. Let o = 14 - u. Suppose 2 - o = s. Let n(d) = -2*d. Calculate n(s).
6
Suppose 3*k + 4*g + 3 = 6*k, g + 12 = 3*k. Let p(r) = -r**3 + 6*r**2 - 6*r. What is p(k)?
-5
Let o(d) = d**2 - 6*d - 3. Let n(s) = s + 13. Let m be n(-6). Give o(m).
4
Let s(a) = a**3 - a**2 - 3*a. Let d = -13 + 13. Let h(p) = p**3 - p**2 + 3. Let q be h(d). Give s(q).
9
Let r(q) = -2*q**2 + 3*q - 2. Let a(h) = 4*h**2 - 5*h + 3. Let c(f) = 3*a(f) + 5*r(f). What is c(2)?
7
Let l(h) be the third derivative of h**6/120 - h**5/15 - h**4/8 - h**2. Suppose 7 = -y + b, 0*y + 16 = -y + 4*b. Let r be (-1)/y - 76/(-16). Determine l(r).
10
Let f(x) = 5*x**3 + 2*x + 1 - 5 - 4*x**2 - 4*x**3. Let o = -19 - -9. Let r be o/25 - 22/(-5). Give f(r).
4
Let c = 160 + -164. Let q(p) = -2*p**2 - 4*p - 3. Calculate q(c).
-19
Let x(v) be the third derivative of v**6/120 - v**5/15 - 5*v**3/6 - v**2. Let y be 10*-1*10/(-25). What is x(y)?
-5
Let a(x) be the first derivative of 5*x**2/2 + 9. Determine a(1).
5
Suppose -7 - 5 = 2*a. Let t(x) = x**2 + 6*x - 7. Determine t(a).
-7
Let n(i) = -2*i + i**3 - 4*i**2 + 3*i**2 + i. Let v be n(2). Let r(y) = -3*y + 2. Calculate r(v).
-4
Let w(p) = p**2 - 3*p - 1. Let d = -10 - -14. What is w(d)?
3
Let i(u) = 3*u + 0 - u**2 + 4*u + 0 + 1. Suppose 8*c + 14 = -b + 3*c, 3*c + 36 = 4*b. Give i(b).
7
Let w(x) = 5*x**2 - 6. Let f(d) = -11*d**2 + 13. Let n(t) = -6*f(t) - 13*w(t). Let q = -4 - -3. Give n(q).
1
Let q be 2 + -1 + -1 + 2. Suppose 5*z = q*a - 1, -17 = -5*z + 4*a - 8*a. Let u(v) be the first derivative of 5*v**2/2 + 4. What is u(z)?
5
Let p(y) = y**3 + 6*y**2 + y - 9. Let q(l) = -6*l**3 - 30*l**2 - 4*l + 45. Let k(i) = -11*p(i) - 2*q(i). Calculate k(6).
-9
Let q(p) be the second derivative of -1/12*p**4 + 0 - 1/2*p**3 - 9*p + 2*p**2. Calculate q(-3).
4
Suppose -5*f + 11 + 4 = 0, 5*t + 3 = -4*f. Let k(h) = 2*h**3 + 2*h**2 - 3*h + 2. Let c(i) = i**3 + 2*i**2 - 2*i + 2. Let l(v) = t*k(v) + 4*c(v). What is l(2)?
-4
Let r(a) = -a**3 + 3*a**2 - 3*a + 2. Let b(g) = -6 + 0*g - g**2 + g + 5*g. Let z be b(4). Give r(z).
0
Let u(a) = a**2 + 11*a - 6. Suppose -36 = -4*i - 80. What is u(i)?
-6
Let b be 16/(-6)*3/2. Let h(z) = 2*z**3 + 5*z**2 - 8*z. Let d(n) = 3*n**3 + 5*n**2 - 9*n. Let v(x) = b*h(x) + 3*d(x). Give v(4).
4
Let n(p) = -p + 2. Let d be 1 - ((-7 - 3/3) + 1). Determine n(d).
-6
Let g(u) = u**2 - 7*u + 4. Let c(v) be the second derivative of v**3/6 - 5*v**2 - 2*v. Let n be c(6). Let t = n - -9. Give g(t).
-6
Let k(w) = -3*w**2 - w**2 + 0*w + 4*w + 6*w**2. Give k(-3).
6
Let o be 9 + (1 + -10)/3. Let n(f) = -f**3 - 6*f**2 - 9*f + 10. Let b(h) = h**3 + 6*h**2 + 10*h - 11. Let a(u) = o*b(u) + 7*n(u). Give a(-5).
-6
Let v(z) = -z - 2. Let h(f) = f**2 + 6*f - 1. Let q be h(-6). Let m = 3 - q. Calculate v(m).
-6
Let s(k) be the third derivative of 0*k - 1/6*k**4 + 0 + 5/2*k**3 + k**2. Let m(f) = -2*f + 8. Let b(y) = 5*m(y) - 3*s(y). What is b(5)?
5
Suppose -k - 2*w = -3*k + 34, 4*k - 43 = -w. Suppose -k = -3*h + 6. Let g(a) = -3*a**2 - 8*a - 6. Let u(y) = y**2 + y. Let j(d) = g(d) + 4*u(d). What is j(h)?
6
Suppose -12 = -2*h + 34. Let d(z) = -3*z - z + 17 + z**2 - h. What is d(5)?
-1
Let g(z) = 15 - z - 2*z - 12 + 2*z. What is g(-3)?
6
Suppose 2*c + 0*a = 4*a, -4*a - 2 = -c. Let s(p) = -4*p - 3. Determine s(c).
5
Let f = -6 + 11. Suppose f*t - 2*a - 15 = -4*a, 5*a = 2*t + 23. Suppose -t = -s + 2. Let z(d) = -d**2 + 2*d - 2. Give z(s).
-5
Let m(w) = w**3 - 10*w**2 - w + 13. Let u be m(10). Let q(k) = 2 - 2*k + k**2 - 3*k - u - 2. What is q(3)?
-9
Let x(w) = w + 6. Let s(i) = -i**3 + 7*i**2 + 7*i + 3. Let v be s(8). Give x(v).
1
Suppose -3*l - 2 = -2*l. Let a(y) = -y + 1. Let g be a(l). Let s(j) = 2*j - 1. Give s(g).
5
Let b(t) = -t**2 - 3*t + 5. Let n be b(-4). Let w(s) be the second derivative of -4*s**3/3 + s**2/2 - 2*s. What is w(n)?
-7
Let m(v) be the first derivative of v**4/4 - v**3 + v**2 - 2*v + 6. What is m(3)?
4
Let v be 1*-3*10/(-6). Let w = 1 - v. Let o(h) = 3*h - 3*h + h. Calculate o(w).
-4
Let x(w) = w**3 - 6*w**2 + 3*w. Let y = -48 + 52. Determine x(y).
-20
Let z(t) be the first derivative of -t**3/3 + 5*t**2/2 + 8*t - 63. What is z(7)?
-6
Let w(i) = i**2 - 9*i + 6. Suppose 3*q - 39 = 6. Suppose 0 = -3*k - 3 + q. Determine w(k).
-14
Let r(t) be the second derivative of t**3/3 + t**2 + 25*t. Calculate r(3).
8
Let y(q) = 3*q + 5. Let a = -20 - -15. Determine y(a).
-10
Suppose 3*x - 2*x = 8. Let q = -6 + x. Let s(w) = -3*w**2 - 3 - 7*w + 3*w**2 + w**q. Give s(5).
-13
Suppose -r = -2 + 4. Let t = r + -3. Let g(f) = -3*f**3 + 3*f**2 - 7*f - 12. Let k(s) = -4*s**3 + 5*s**2 - 11*s - 18. Let v(x) = 7*g(x) - 5*k(x). What is v(t)?
1
Let r(b) be the second derivative of b**5/20 - b**4/3 - b**3/3 - b**2/2 + 7*b. Give r(4).
-9
Let m(w) = 3*w**3 + 9*w**2 + 2*w - 3. Let y(d) = -4*d**3 - 10*d**2 - 3*d + 4. Let q(r) = 5*m(r) + 4*y(r). Let s = 8 - 6. Calculate q(s).
9
Suppose 6*y + 7 = 1. Let g(n) = 4*n**3 + 1. What is g(y)?
-3
Let w = 11 - 8. Let o(v) = -v + 2. Give o(w).
-1
Let c(k) be the second derivative of 2*k**5/15 - k**3/6 - k**2/2 - 4*k. Let v(w) be the first derivative of c(w). Determine v(1).
7
Let d = 8 + -5. Suppose 3*l - 11 = -5*g - 0, -9 = -4*l - g. Let p(m) = m**3 + 3*m + 0 - 2 + 3 - 4*m**l. What is p(d)?
1
Let g = -21 - -3. Let p be 6/27 - (-94)/g. Let b(w) = 17*w - 9*w - 6 + w**2 + 0*w - 3*w. Calculate b(p).
-6
Let b(s) = s**2 - 4*s + 1. Let c(n) = n**2 - 7*n + 2. Let j be c(7). Suppose -2*z = -3*d + z - 3, d = -j*z + 8. Give b(d).
-3
Suppose 2*d + 7 = -3*r, 3*d + r + 13 = -4*r. Let o(y) = -y**3 + 2*y**3 + 5*y**2 - y - 2*y**3 - d. Determine o(5).
-9
Let f(s) = s**3 + s**2 + s - 1. Let h(r) = 5*r**3 + r**2 + 5*r - 4. Let a(k) = 4*f(k) - h(k). What is a(3)?
-3
Let f(m) = -m**3 + 7*m**2 - 7*m + 1. Let w(b) = b**3 - 6*b**2 - 5*b - 8. Let a be w(7). Determine f(a).
-5
Let f(t) = 3*t - 1. Let l(s) = 3*s. Let q(v) = -3*f(v) + 2*l(v). Let b = 25 - 23. What is q(b)?
-3
Let y(r) = -r**3 + r**2 - r - 2. Let t be y(0). Let j be (20/(-16))/(t/(-8)). Let o(p) = -p**2 - 6*p - 5. Calculate o(j).
0
Let j(s) = s + 10. Let a be j(-6). Let l(n) = n**3 - 4*n**2 - 2*n + 5. Give l(a).
-3
Let c(y) = y**3 + 3*y**2 - y - 4. Let v be c(-3). Let a(k) = 219 + 8*k - 219. Give a(v).
-8
Let z(w) = w**3 - 6*w**2 + 6*w - 4. Let i be z(5). Let y(k) = k**2 + k - 1. Let j(b) = -3*b**2 - 2*b + 2. Let m(a) = j(a) + 2*y(a). Determine m(i).
-1
Let j be (1 + -2)*0 - -1. Let t(b) = 2*b - 7. Let v be t(6). Let r(i) = -3*i**2 + v*i**2 + 0*i + 4*i**2 + i. What is r(j)?
7
Let h(d) = 4*d - 1. Let l = -3 + 5. Let x be -2*3/(l - 5). Suppose -x*t + 1 = -3*t. Calculate h(t).
-5
Let a be 6/5*20/6. Let z(c) = -1 + 1 + 2*c - c + a. Determine z(4).
8
Let h = 37 - 36. Let k(i) = i + 1. What is k(h)?
2
Let o = -3 - 0. Let q = 0 + 4. Let u(t) = q*t + 4*t - 6*t + 3 - t**2 - 3*t. Give u(o).
-3
Let y be 0/(-2) - -2 - 4. Let z(j) be the first derivative of 3*j**2/2 - 2*j - 63. What is z(y)?
-8
Let v(f) be the first derivative of f**2/2 + 2*f - 3. Let p = -25 + 20. Calculate v(p).
-3
Suppose -k + 2*k + o - 3 = 0, -3*k + 4*o = -9. Suppose 11 = k*s - 4. Let v(x) = -x**3 + 4*x**2 + 3*x + 2. Give v(s).
-8
Suppose -n = 4*k - 14, -5*n - 8 = 5*k - 33. Suppose 3*s = 9 + k. Let h(i) = i**3 + s - 1 - 5*i + 6*i**2 - 2*i**2. What is h(-5)?
3
Let l(v) be the first derivative of v**2/2 + 4*v + 1. Let a = 14 + -9. Let b = a - 1. What is l(b)?
8
Let w(p) = p**3 - 7*p**2 + 8*p - 7. Suppose -2*b + 84 = 12*b. Calculate w(b).
5
Let n be 2/(-4) + (-22)/4. Let c(w) = 10 - w**2 - 22 - 6*w + 17. What is c(n)?
5
Let q(v) be the first derivative of v**4/24 + v**2 + 1. Let a(c) be the second derivative of